What is the greatest common factor of 2299 and 11253484?
121
Calculate the highest common divisor of 242269 and 35.
1
Calculate the highest common factor of 25828 and 171512.
44
Calculate the greatest common divisor of 44704 and 29342080.
4064
What is the highest common divisor of 798018 and 177862?
1574
What is the greatest common factor of 81279668 and 191?
191
Calculate the highest common divisor of 69630 and 277860.
330
Calculate the highest common divisor of 77013 and 2140497.
387
Calculate the greatest common factor of 10057 and 800021.
89
Calculate the highest common factor of 404202 and 16362.
606
Calculate the greatest common divisor of 78 and 2465574.
6
Calculate the greatest common factor of 370513813 and 144989.
11153
What is the highest common factor of 848110 and 500?
10
What is the highest common divisor of 225412 and 3267440?
2068
What is the greatest common factor of 604593 and 4059?
99
What is the highest common divisor of 3977550 and 270?
90
What is the greatest common divisor of 31175666 and 1082?
1082
Calculate the highest common factor of 25806 and 75487038.
1122
Calculate the highest common divisor of 386260 and 154.
14
What is the greatest common factor of 29492408 and 7144?
152
Calculate the highest common factor of 95 and 196434635.
95
What is the highest common factor of 9631140 and 4515?
645
Calculate the highest common factor of 17820 and 1933635.
165
What is the highest common divisor of 30 and 38159350?
10
Calculate the highest common divisor of 3900 and 29559060.
60
Calculate the highest common divisor of 1095172 and 44.
4
What is the greatest common factor of 2487 and 8277565?
829
Calculate the greatest common factor of 18907154 and 1106.
14
What is the greatest common factor of 5269578 and 21?
3
What is the greatest common divisor of 202836200 and 24?
8
Calculate the highest common divisor of 28827 and 6381.
9
Calculate the greatest common factor of 11737 and 51722.
11
Calculate the greatest common factor of 188 and 30583276.
188
What is the highest common factor of 3460887 and 216?
27
Calculate the highest common factor of 108904380 and 5967.
663
Calculate the highest common factor of 2373 and 4627.
7
What is the highest common factor of 213 and 14880?
3
Calculate the highest common factor of 1342276 and 1555.
311
Calculate the highest common divisor of 2 and 239656346.
2
What is the greatest common divisor of 213216520 and 13310?
1210
What is the greatest common divisor of 13268 and 303428?
124
What is the highest common factor of 105702 and 753294?
1338
Calculate the highest common factor of 222228 and 324.
36
What is the greatest common divisor of 50511253 and 779?
19
What is the greatest common factor of 459173 and 637637?
1859
What is the highest common divisor of 1896 and 118727994?
474
What is the highest common factor of 120 and 4667100?
60
Calculate the greatest common divisor of 363528 and 59778.
486
Calculate the highest common divisor of 1567281705 and 66.
33
What is the greatest common divisor of 385 and 9536758?
77
Calculate the highest common factor of 4293 and 129956.
53
Calculate the highest common factor of 888530794 and 21129.
7043
Calculate the greatest common divisor of 484 and 75018427.
121
What is the highest common factor of 89856 and 1188564?
156
What is the greatest common factor of 21151858 and 6851?
403
What is the highest common factor of 3442 and 86499181?
1721
What is the greatest common factor of 2313443 and 2658359?
737
What is the greatest common divisor of 5 and 664189?
1
What is the greatest common factor of 175187 and 66681?
239
What is the highest common divisor of 230 and 494105320?
230
Calculate the highest common divisor of 266 and 34806670.
38
Calculate the highest common divisor of 608 and 15243624.
152
Calculate the greatest common factor of 98814 and 339721.
383
Calculate the highest common factor of 10012954 and 77273.
4067
What is the greatest common factor of 43965939 and 6870?
687
Calculate the greatest common divisor of 580150239 and 3.
3
What is the highest common factor of 257843 and 15639?
401
What is the greatest common factor of 112 and 3892400?
16
What is the greatest common factor of 36 and 6841888?
4
What is the greatest common factor of 1269074 and 4334?
394
What is the highest common factor of 25947 and 384927?
93
What is the highest common factor of 3396264 and 672?
24
What is the highest common divisor of 17467278 and 12?
6
Calculate the highest common factor of 7878 and 18182121.
303
Calculate the greatest common factor of 8242 and 480818.
26
What is the highest common divisor of 3020 and 4111730?
1510
What is the highest common divisor of 105077 and 42245?
119
What is the greatest common divisor of 38836 and 979944?
532
Calculate the highest common divisor of 4806 and 56014731.
801
What is the highest common factor of 38446917 and 894?
447
What is the highest common divisor of 65221 and 95513646?
5017
Calculate the greatest common divisor of 5545 and 910.
5
What is the greatest common divisor of 550 and 1436413?
11
What is the greatest common divisor of 3346 and 5325398?
478
What is the greatest common factor of 13444669 and 4081?
371
What is the greatest common factor of 1078272 and 23400?
936
Calculate the greatest common factor of 13533945 and 45.
15
What is the greatest common divisor of 4956 and 7901516?
1652
Calculate the highest common divisor of 182 and 309178.
2
Calculate the highest common divisor of 17117780 and 30.
10
What is the greatest common divisor of 2021642 and 31213?
2401
What is the highest common factor of 160225 and 25925?
425
Calculate the greatest common divisor of 14096 and 166396232.
7048
What is the highest common factor of 192 and 20894784?
192
What is the highest common divisor of 50697157 and 14?
7
What is the highest common divisor of 286 and 78419?
11
What is the highest common divisor of 8080 and 4254928?
1616
What is the highest common divisor of 32084 and 3873792?
52
Calculate the highest common divisor of 24 and 6550128.
24
What is the greatest common divisor of 24491 and 12810082?
1289
Calculate the greatest common factor of 533 and 2621827.
533
Calculate the highest common factor of 2526 and 56646813.
1263
What is the highest common factor of 57351 and 987?
21
What is the greatest common factor of 616 and 809704?
56
What is the greatest common factor of 22 and 13431539?
11
What is the greatest common factor of 29110364 and 42780?
2852
What is the highest common factor of 1597190 and 620?
10
Calculate the highest common factor of 432213 and 2007.
3
Calculate the highest common divisor of 236877796 and 612.
68
Calculate the highest common divisor of 13426592 and 96.
32
What is the greatest common factor of 35 and 21308357?
7
Calculate the highest common divisor of 14298788 and 196.
196
What is the greatest common divisor of 6134156 and 618076?
764
Calculate the greatest common divisor of 13788777 and 3435.
687
What is the greatest common factor of 664392 and 17499?
57
Calculate the highest common divisor of 1696 and 67656.
8
Calculate the greatest common divisor of 22508 and 853649.
331
Calculate the highest common factor of 21935 and 177094416.
4387
What is the greatest common divisor of 9774953 and 25866?
479
What is the highest common divisor of 35 and 2155220?
5
What is the greatest common divisor of 5214 and 232276?
22
What is the highest common factor of 10584055 and 110?
5
What is the highest common divisor of 198037360 and 3680?
1840
What is the highest common divisor of 339 and 3099703?
113
What is the greatest common factor of 11832 and 1491064?
232
What is the highest common divisor of 170918860 and 1225?
245
Calculate the highest common factor of 128915 and 1541.
23
Calculate the greatest common divisor of 222 and 52901157.
111
Calculate the highest common factor of 112 and 95214952.
56
What is the highest common divisor of 144 and 1028784?
48
Calculate the greatest common factor of 72667 and 2131071.
1483
Calculate the greatest common factor of 54065676 and 84.
84
Calculate the highest common divisor of 421 and 14481558.
421
What is the greatest common factor of 153700 and 15105?
265
Calculate the greatest common divisor of 20244098 and 49.
7
What is the highest common divisor of 65 and 30142